ue
Let g(t) = t**3 - t**2 + 11*t - 4. Let i(w) = -w**2 + 6*w + 7. Let j be i(6). Let p = 0 + j. Is g(p) a composite number?
False
Is (-5 - (-3663)/(-2))/(4/(-16)) a prime number?
False
Suppose -a = -5*m - 97, 3*m - 28 = -a + 93. Let v = a - 25. Is v a prime number?
False
Let z = 970 - -1323. Is z a prime number?
True
Let q = 9050 - 4347. Is q a prime number?
True
Suppose 24*h = 170677 + 856307. Is h a prime number?
False
Let p be (-37)/3 + (-2)/(-6). Is (p/4 - 2)*-89 a composite number?
True
Let h = -71 + 67. Is ((-8)/(-6))/h + (-6044)/(-6) prime?
False
Let w = -38 + 38. Suppose -k + 6*k - 47635 = w. Is k a prime number?
False
Is 45/(-54)*-6423 + (-2)/(-4) composite?
True
Suppose 2*t - 14*t = -948. Is t a prime number?
True
Suppose 17*d = 11*d - 1218. Let f = d - -700. Is f prime?
False
Let a(o) = 4505*o**3 + 9*o - 21. Is a(2) a prime number?
True
Suppose -196 = 11*s - 53. Let r = -210 + 108. Let o = s - r. Is o a composite number?
False
Suppose -f + 4*f - 5 = -a, -4*f + 25 = 5*a. Let h be (f + 1 - 1) + 4. Is 267 - 2/4*h a composite number?
True
Let l(t) = 7*t**2 + 7*t - 1. Suppose -2*a - 4 = 2*g, -3*a - 9 = -2*g + 4*g. Let z = 11 + a. Is l(z) a composite number?
False
Suppose 3*c - 4 = 11. Let r(b) = c + 107*b - 6 + 0. Is r(1) prime?
False
Let d be -1 + -10 + (-30)/10. Let x be d/12 + (-1)/(-6). Is (4/12)/(x/(-105)) a composite number?
True
Suppose -383 = d + 595. Let t = 1397 + d. Is t a composite number?
False
Let c(g) = -3003*g + 97. Is c(-2) composite?
True
Let q = -12 - -17. Suppose -q*g + 35 = 115. Is -3 + g*(-5 + 0) a composite number?
True
Let l(o) = 6522*o**3 - 2*o**2 + o. Is l(1) prime?
True
Let j(y) be the first derivative of 11/3*y**3 + 7/2*y**2 + 9 + 5*y + 1/4*y**4. Is j(-10) prime?
False
Let m be (-40)/180 - 130/(-18). Suppose 0 = -m*n - 0*n + 2611. Is n composite?
False
Is (-7122656)/(-256) + 1/8 a prime number?
True
Suppose -2*h + 3*g - 551 = -1948, 4*h - 2774 = 2*g. Is h prime?
True
Suppose 10 = 6*s - 2. Suppose 0 = s*c - 8, 5*c + 178 - 784 = -2*o. Is o a composite number?
False
Suppose -54*r + 888490 = -8*r. Is r prime?
False
Suppose -227120 = -11*w - 42837. Suppose -3*z + w = -u, -2*z - u = 2*u - 11176. Is z prime?
False
Suppose -3355 = -5*f + 2*h, -4*f + 2*f + 4*h + 1326 = 0. Is f composite?
False
Suppose 6*i + 286 = 8*i. Is i a prime number?
False
Suppose -v = 4*h + 7, -h - 2*h = 5*v + 1. Suppose 0 = 8*u - 25 + v. Is 1/((-2)/(-4566)*u) a composite number?
False
Let i = 5 - 1. Suppose 2*y = 2, -5242 = -5*r - i*y + 807. Suppose -4*u + 1355 = -r. Is u prime?
True
Let r(f) = 5 - f**2 + 7 + 4*f**3 - 8 - 12*f**3. Let o be r(4). Let m = 63 - o. Is m a prime number?
True
Let z = 31453 + 2908. Is z a prime number?
True
Let a be (-6)/(-15) - 6/15. Suppose 3*b + 2 + 4 = a. Is ((-105)/(-30))/(b/(-116)) prime?
False
Let w(d) = 6*d**2 - 6*d - 3. Let c(u) = 7*u**2 - 5*u - 3. Let a(x) = 4*c(x) - 3*w(x). Is a(-5) composite?
False
Suppose 3*o = -3*j + 12675, 4*j = 5*o - 1003 + 17921. Is j a composite number?
True
Suppose -4*q + 14417 = 5*o - 0*q, 2*q + 4 = 0. Is o a prime number?
False
Suppose 30 = 8*d - 3*d. Suppose d*k + k - 5033 = 0. Is k composite?
False
Let r = 404 - -1332. Suppose s + r = 9*s. Is s a prime number?
False
Let i(r) = -4*r**3 - r**2 - r. Suppose -1 - 2 = 3*f. Let t be i(f). Suppose s = 4*s + w - 75, -4*s + t*w + 100 = 0. Is s prime?
False
Let o(s) = -2*s**2 + 2*s**2 - 2*s**2 - 80*s**3 + 1. Let a(b) = 2*b**3 + 46*b**2 - 2*b - 47. Let y be a(-23). Is o(y) prime?
True
Let v be (-213)/3*(-2 - -1). Let r = v + 3. Is r prime?
False
Let d(t) = -t**2 + 8*t + 8. Let i be d(8). Suppose -5*g + 9*g - i = 0. Suppose -2*c + g = -66. Is c prime?
False
Let y(z) = 495*z - 241. Is y(28) a composite number?
False
Let v(d) be the third derivative of -5*d**4/6 - 11*d**3/2 + 26*d**2. Is v(-18) a composite number?
True
Let s(t) = 4*t + 6*t**2 - 4*t**2 - 6*t + 5*t**3. Let r be s(-2). Is (-2)/(-7) + (-4668)/r prime?
True
Let c(a) = 62*a + 9. Let m be c(5). Let u = m - 114. Is u a prime number?
False
Suppose 3*q - 44 = 5*m, -m + 82 = 4*q + 4*m. Let f = q + 4. Is f composite?
True
Let s(o) = o - 8. Let i be s(9). Is ((0 + 6)/12)/(i/758) a prime number?
True
Let t = 9731 + -6278. Suppose -3*w + t = -0*w. Is w prime?
True
Suppose 158559 - 40018 = 19*y. Is y prime?
False
Let h be (-4)/(-10) - (-4)/(-10). Is (h - -3944) + -2 + 2 + 3 composite?
False
Suppose 0 = 5*w - 5, -5*w + 14 = 3*h + 3. Let t(y) = 3*y**2 - 3 + 3*y**2 - 2*y - 5*y**h + 11*y**3. Is t(4) prime?
True
Suppose 17 = 4*x + 1. Suppose x*p - 1026 + 182 = 0. Is p a composite number?
False
Let a be (13 - 3)/(1/2). Suppose -20 = -2*b - 40. Let t = b + a. Is t a prime number?
False
Let x = -128 - -241. Is ((-8)/(-4) - 1)*x a prime number?
True
Let m be -2*((-2530)/(-4) - 2/2). Let l = 1996 + m. Is l composite?
False
Let r(d) = 130*d + 1. Let m(p) = -p + 1. Let y(f) = -3*m(f) - r(f). Is y(-5) prime?
True
Let d = -5 + 5. Let a = d - -1. Is -11 + 76 + (3 - a) composite?
False
Is (-1)/5 - (145908/(-70))/2 composite?
True
Let t(v) = -154*v + 36. Let p be t(-12). Suppose 0 = 4*a + 736 - p. Is a composite?
True
Suppose 5*m + 2 - 22 = 0. Suppose 0 = -2*z - m*i + 710, 4*z - 429 - 971 = 2*i. Let t = -64 + z. Is t a prime number?
False
Let f = 5323 - -1060. Is f prime?
False
Let q = -83 + 83. Is 139 + (q/(-2))/4 + 4 composite?
True
Let w(m) = 24*m**3 + 17*m**2 + 13*m - 49. Is w(12) a prime number?
True
Let h(k) = 250*k**2 - 24*k + 274. Is h(10) composite?
True
Let x(c) = -4*c**3 - 4*c - 17. Let p(n) = -9*n**3 - n**2 - 8*n - 35. Let g(j) = 6*p(j) - 11*x(j). Let u be g(17). Is u/(-75) + 4/(-10) a composite number?
True
Let s(i) = 64*i + 3. Let p be s(5). Let j be (3/2)/((-7)/(-280)*12). Suppose 3*b + p = j*g, -2*g + 5*b + 107 = -7. Is g a composite number?
False
Let s(o) = -o**3 - 6*o**2 + 4*o + 8. Let g be s(-8). Let a = 225 - g. Is a composite?
True
Suppose 21 = -5*b + 6. Is (-2041 + 2)*(2 + b) a prime number?
True
Let t(m) = -m**3 + 17*m**2 + 18*m + 3. Let l be t(18). Is (l*(-28)/(-6))/((-2)/(-53)) a prime number?
False
Let j(s) = 19*s + 7. Let f be j(2). Suppose -44*w + f*w - 55 = 0. Is w a composite number?
True
Let w(z) = -4*z**3 + 2*z**2 + 2*z - 5. Let m be (-37)/13 - 8/52. Let v be w(m). Let a = v - 62. Is a a composite number?
False
Is (-8 - (-3772104)/88) + (-4)/(-22) a composite number?
True
Let a be ((-2)/3)/(22/(-99)). Suppose 6 = -a*k - 3. Is (-210 + (-2 - k))/(-1) composite?
True
Is 4 + 252*((-1274)/(-8) - -1) prime?
True
Suppose -3*u - 2*g - 12 = 0, -4*u - 5*g = -4 + 13. Let o(y) = -y**2 - 6*y. Let a be o(u). Suppose 5*l - 3449 + 1014 = a. Is l a prime number?
True
Let y be (-1 + 91/(-35))/((-3)/2110). Suppose -y = -11*h + 5*h. Is h a prime number?
False
Let g = 338 - 204. Let q = -85 + g. Is q prime?
False
Let z = -46 - -53. Suppose 0 = 3*b + z*b - 970. Is b a composite number?
False
Is 878 + -1*(-3 + 2 + 2) a composite number?
False
Let n = -8362 - -12297. Is n composite?
True
Is (-177411)/(-15) + 50/(-125) prime?
True
Suppose 5*p - 18991 = -4*q, -9*q + 7596 = 2*p - 7*q. Is p a composite number?
True
Suppose 0 = -5*a + 2*u - 17370, 0*a - a - 3*u = 3491. Let f = a + 5061. Is f prime?
False
Suppose -u - 70 = -6*u. Let y(q) = q - 19. Let j be y(u). Is (j/(-15))/((-3)/(-315)) composite?
True
Suppose 3*h + 22610 = 2*d, d = 5*h + 3939 + 7380. Is d a composite number?
False
Suppose d - 28 = -d. Suppose 3*j - 54 = 4*m, 0 = m - 0*m - j + d. Let z(g) = g**2 - 6*g + 7. Is z(m) composite?
False
Let b(k) = -4*k + 13. Let x be b(4). Is (-16995)/(-21) + x/(105/10) a composite number?
False
Suppose 69 + 59 = 4*k. Suppose -k*s - 10 = -37*s. Suppose 3*h = -s*h + 455. Is h a composite number?
True
Let l(q) = 20*q + 21. Let a be l(22). Suppose 4*c - 1455 = a. Is c a composite number?
False
Suppose 0 = j - 3, -4*x - 17 = -5*j + 2. Let a be (x/2)/((-10)/(-120)). Is (19/(-5))/(a/30) composite?
False
Let x = 3610 - -1261. Is x composite?
False
Suppose 4*m = -5*u + 24813 + 26796, 2*u = 3*m + 20639. Is u a prime number?
True
Let x(a) = -5*a - 1. Let y be x(-1). Let u(k) = 27*k**3 - 7*k**3 + 8*k**3 + 4*k**2 + 5 - 6*k + k. Is u(y) a prime number?
False
Let u(d) = d - 1. Let a be u(-6). Let k(m) be the second derivative of -m**5/20 - m**4/3 + m**3/3 - 3*m**2 + 17*m. Is k(a) prime?
True
Let n = -21917 + 31294. Is n